

{"id":9466,"date":"2016-04-12T12:06:20","date_gmt":"2016-04-12T10:06:20","guid":{"rendered":"http:\/\/www.ruhr-reggae-summer.de\/mhx\/?page_id=9466"},"modified":"2024-08-23T13:12:50","modified_gmt":"2024-08-23T11:12:50","slug":"jugendschutz","status":"publish","type":"page","link":"https:\/\/www.ruhr-reggae-summer.de\/mhx\/jugendschutz\/","title":{"rendered":"Jugendschutz"},"content":{"rendered":"<section class=\"wpb-content-wrapper\">[vc_row][vc_column][vc_column_text][\/vc_column_text][\/vc_column][\/vc_row][vc_row][vc_column][vc_column_text css=&#8220;.vc_custom_1724411552621{margin-bottom: 0px !important;}&#8220;]<strong>Jugendliche und Kinder d\u00fcrfen die Veranstaltung in Begleitung der Eltern besuchen.<\/strong><\/p>\n<p>F\u00fcr Jugendliche ab 16 Jahren, die ihre Eltern lieber zu Hause lassen wollen, bieten wir die M\u00f6glichkeit an, das Festival in Begleitung einer Aufsicht zu besuchen. Daf\u00fcr gibt es jetzt das Ruhr Reggae Summer U18 Spezialticket!<\/p>\n<p>Der Gesetzgeber hat das Jugendschutzgesetz ge\u00e4ndert und bietet euren Eltern die M\u00f6glichkeit, eine Aufsichtsperson zu beauftragen die Aufsichtspflicht zu \u00fcbernehmen.<\/p>\n<p><strong>Das sind die Regeln:<\/strong><\/p>\n<ul class=\"square\">\n<li>Die Aufsichtsperson muss vollj\u00e4hrig sein.<\/li>\n<li>Die Aufsichtsperson muss sich w\u00e4hrend des gesamten Besuches unmittelbar bei der minderj\u00e4hrigen Person aufhalten.<\/li>\n<li>Minderj\u00e4hrige d\u00fcrfen keinen Alkohol und keine Drogen konsumieren.<\/li>\n<li>Jeder Minderj\u00e4hrige braucht jeweils eine eigene Aufsichtsperson.<\/li>\n<\/ul>\n<p>Die Aufsichtsperson ist f\u00fcr die Einhaltung des Jugendschutzgesetzes verantwortlich und haftbar.<\/p>\n<p><strong>Folgendes ist mitzubringen:<\/strong><\/p>\n<p>Schriftliche Erkl\u00e4rung der Eltern und der Aufsichtsperson in zweifacher Ausfertigung:<\/p>\n<p><strong><a href=\"https:\/\/www.ruhr-reggae-summer.de\/mhx\/wp-content\/uploads\/2024\/08\/u18-rrs-formblatt-mh-2025.pdf\">&gt;&gt; U18 Formblatt MH 2025<\/a><\/strong><\/p>\n<p>(die Datei enth\u00e4lt zwei Ausfertigungen, also nur 1x drucken)<\/p>\n<ul>\n<li>Fotokopie Personalausweis der Eltern<\/li>\n<li>Fotokopie Personalausweis der Aufsichtsperson<\/li>\n<li>Personalausweis der Aufsichtsperson<\/li>\n<li>Personalausweis der beaufsichtigten Person<\/li>\n<li>Ein U18 Ticket f\u00fcr Jugendliche und ein normales Ticket f\u00fcr deine Aufsicht<\/li>\n<\/ul>\n<p>Ohne die vollst\u00e4ndigen Unterlagen d\u00fcrfen wir Minderj\u00e4hrigen grunds\u00e4tzlich keinen Einlass gew\u00e4hren!<\/p>\n<p><strong>Wir w\u00fcnschen Euch viel Spass beim Ruhr Reggae Summer!<\/strong><\/p>\n<p>Euer Ruhr Reggae Summer Jugend Service<\/p>\n<p>PS: Hier k\u00f6nnt Ihr Euch das allgemeine Infoblatt der Bundesregierung ansehen, in der die Gesetzgebung erkl\u00e4rt wird (<a href=\"http:\/\/www.ruhr-reggae-summer.de\/mhx\/wp-content\/uploads\/2016\/04\/Elterninfo_Jugendschutz.pdf\" target=\"_blank\" rel=\"noopener noreferrer\">download<\/a>)[\/vc_column_text][\/vc_column][\/vc_row]\n<\/section>","protected":false},"excerpt":{"rendered":"<p>[vc_row][vc_column][vc_column_text][\/vc_column_text][\/vc_column][\/vc_row][vc_row][vc_column][vc_column_text css=&#8220;.vc_custom_1724411552621{margin-bottom: 0px !important;}&#8220;]Jugendliche und Kinder d\u00fcrfen die Veranstaltung in Begleitung der Eltern besuchen. F\u00fcr Jugendliche ab 16 Jahren, die ihre Eltern lieber zu Hause lassen wollen, bieten wir die M\u00f6glichkeit an, das Festival in Begleitung einer Aufsicht zu besuchen. Daf\u00fcr gibt es jetzt das Ruhr Reggae Summer U18 Spezialticket! Der Gesetzgeber hat das Jugendschutzgesetz [&hellip;]<\/p>\n","protected":false},"author":1,"featured_media":0,"parent":0,"menu_order":0,"comment_status":"closed","ping_status":"closed","template":"","meta":{"footnotes":""},"_links":{"self":[{"href":"https:\/\/www.ruhr-reggae-summer.de\/mhx\/wp-json\/wp\/v2\/pages\/9466"}],"collection":[{"href":"https:\/\/www.ruhr-reggae-summer.de\/mhx\/wp-json\/wp\/v2\/pages"}],"about":[{"href":"https:\/\/www.ruhr-reggae-summer.de\/mhx\/wp-json\/wp\/v2\/types\/page"}],"author":[{"embeddable":true,"href":"https:\/\/www.ruhr-reggae-summer.de\/mhx\/wp-json\/wp\/v2\/users\/1"}],"replies":[{"embeddable":true,"href":"https:\/\/www.ruhr-reggae-summer.de\/mhx\/wp-json\/wp\/v2\/comments?post=9466"}],"version-history":[{"count":12,"href":"https:\/\/www.ruhr-reggae-summer.de\/mhx\/wp-json\/wp\/v2\/pages\/9466\/revisions"}],"predecessor-version":[{"id":10913,"href":"https:\/\/www.ruhr-reggae-summer.de\/mhx\/wp-json\/wp\/v2\/pages\/9466\/revisions\/10913"}],"wp:attachment":[{"href":"https:\/\/www.ruhr-reggae-summer.de\/mhx\/wp-json\/wp\/v2\/media?parent=9466"}],"curies":[{"name":"wp","href":"https:\/\/api.w.org\/{rel}","templated":true}]}}