

{"id":10051,"date":"2018-07-03T23:52:44","date_gmt":"2018-07-03T21:52:44","guid":{"rendered":"http:\/\/www.ruhr-reggae-summer.de\/mhx\/?page_id=10051"},"modified":"2023-06-13T10:21:40","modified_gmt":"2023-06-13T08:21:40","slug":"specials","status":"publish","type":"page","link":"https:\/\/www.ruhr-reggae-summer.de\/mhx\/specials\/","title":{"rendered":"Specials"},"content":{"rendered":"<section class=\"wpb-content-wrapper\">[vc_row][vc_column][mk_ornamental_title font_family=&#8220;HelveticaNeue-Light, Helvetica Neue Light, Helvetica Neue, Helvetica, Arial, &#8222;Lucida Grande&#8222;, sans-serif&#8220; font_type=&#8220;safefont&#8220; font_size=&#8220;28&#8243; ornament_style=&#8220;norman-single&#8220;]Festival Yoga[\/mk_ornamental_title][vc_column_text align=&#8220;center&#8220;]Gerade nach einer langen Nacht im U-Club Tent wollen K\u00f6rper, Seele und Geist wieder miteinander verbunden werden. Unsere Yoga-Lehrerin von YOGA OF JOY zeigt euch, wie ihr mit einfachen \u00dcbungen euere Festivalerfahrung deutlich verbessert. Das Festival-Yoga ist f\u00fcr jeden geeignet, bringt bitte nur eine (Iso-) Matte oder ein Handtuch mit. Namaste![\/vc_column_text][vc_single_image image=&#8220;10055&#8243; img_size=&#8220;large&#8220; alignment=&#8220;center&#8220; style=&#8220;vc_box_shadow_border&#8220; css_animation=&#8220;bounceIn&#8220;][vc_empty_space][\/vc_column][\/vc_row][vc_row][vc_column][mk_ornamental_title font_family=&#8220;HelveticaNeue-Light, Helvetica Neue Light, Helvetica Neue, Helvetica, Arial, &#8222;Lucida Grande&#8222;, sans-serif&#8220; font_type=&#8220;safefont&#8220; font_size=&#8220;28&#8243; ornament_style=&#8220;norman-single&#8220;]Skimboard Challenge[\/mk_ornamental_title][vc_column_text align=&#8220;center&#8220; css=&#8220;.vc_custom_1686644497941{margin-bottom: 0px !important;}&#8220;]Ihr wolltet schon immer mal den Trendsport Skimboard ausprobieren. Hier stehen euch Leihboards und fachlich versierte Skimboarder f\u00fcr Ratschl\u00e4ge und Infos zur Verf\u00fcgung.[\/vc_column_text][vc_single_image image=&#8220;10056&#8243; img_size=&#8220;large&#8220; alignment=&#8220;center&#8220; style=&#8220;vc_box_shadow_border&#8220; css_animation=&#8220;bounceIn&#8220;][vc_empty_space][\/vc_column][\/vc_row][vc_row][vc_column][mk_ornamental_title font_family=&#8220;HelveticaNeue-Light, Helvetica Neue Light, Helvetica Neue, Helvetica, Arial, &#8222;Lucida Grande&#8222;, sans-serif&#8220; font_type=&#8220;safefont&#8220; font_size=&#8220;28&#8243; ornament_style=&#8220;norman-single&#8220;]Beats, Bier &amp; Bingo[\/mk_ornamental_title][vc_column_text align=&#8220;center&#8220;]Fette Beats, saftige Preise und ausgelassene Stimmung, willkommen zu unserem Festival-Bingo! Lehnt euch zur\u00fcck, genie\u00dft gro\u00dfes Entertainment und schnappt euch mit ein bi\u00dfchen Gl\u00fcck und den richtigen Zahlen nice Sneaker, Gimmicks oder andere tolle Preise![\/vc_column_text][vc_single_image image=&#8220;10066&#8243; img_size=&#8220;large&#8220; alignment=&#8220;center&#8220; style=&#8220;vc_box_shadow_border&#8220; css_animation=&#8220;bounceIn&#8220;][vc_empty_space][\/vc_column][\/vc_row]\n<\/section>","protected":false},"excerpt":{"rendered":"<p>[vc_row][vc_column][mk_ornamental_title font_family=&#8220;HelveticaNeue-Light, Helvetica Neue Light, Helvetica Neue, Helvetica, Arial, &#8222;Lucida Grande&#8222;, sans-serif&#8220; font_type=&#8220;safefont&#8220; font_size=&#8220;28&#8243; ornament_style=&#8220;norman-single&#8220;]Festival Yoga[\/mk_ornamental_title][vc_column_text align=&#8220;center&#8220;]Gerade nach einer langen Nacht im U-Club Tent wollen K\u00f6rper, Seele und Geist wieder miteinander verbunden werden. Unsere Yoga-Lehrerin von YOGA OF JOY zeigt euch, wie ihr mit einfachen \u00dcbungen euere Festivalerfahrung deutlich verbessert. Das Festival-Yoga ist f\u00fcr jeden [&hellip;]<\/p>\n","protected":false},"author":1,"featured_media":0,"parent":0,"menu_order":0,"comment_status":"closed","ping_status":"closed","template":"","meta":{"footnotes":""},"_links":{"self":[{"href":"https:\/\/www.ruhr-reggae-summer.de\/mhx\/wp-json\/wp\/v2\/pages\/10051"}],"collection":[{"href":"https:\/\/www.ruhr-reggae-summer.de\/mhx\/wp-json\/wp\/v2\/pages"}],"about":[{"href":"https:\/\/www.ruhr-reggae-summer.de\/mhx\/wp-json\/wp\/v2\/types\/page"}],"author":[{"embeddable":true,"href":"https:\/\/www.ruhr-reggae-summer.de\/mhx\/wp-json\/wp\/v2\/users\/1"}],"replies":[{"embeddable":true,"href":"https:\/\/www.ruhr-reggae-summer.de\/mhx\/wp-json\/wp\/v2\/comments?post=10051"}],"version-history":[{"count":4,"href":"https:\/\/www.ruhr-reggae-summer.de\/mhx\/wp-json\/wp\/v2\/pages\/10051\/revisions"}],"predecessor-version":[{"id":10709,"href":"https:\/\/www.ruhr-reggae-summer.de\/mhx\/wp-json\/wp\/v2\/pages\/10051\/revisions\/10709"}],"wp:attachment":[{"href":"https:\/\/www.ruhr-reggae-summer.de\/mhx\/wp-json\/wp\/v2\/media?parent=10051"}],"curies":[{"name":"wp","href":"https:\/\/api.w.org\/{rel}","templated":true}]}}